?
-6698
In base 14, what is -29dd70d - 1?
-29dd710
In base 13, what is 19c - -62675?
62844
In base 11, what is 29743 + 380?
2a013
In base 13, what is -19178 - -142?
-19036
In base 9, what is -5 + -126668670?
-126668675
In base 2, what is 101 - 11000011000000001111101010?
-11000011000000001111100101
In base 3, what is 10021112211212101 - -2?
10021112211212110
In base 15, what is 26 - -4973d1?
497407
In base 13, what is b + 47749cb?
4774a09
In base 16, what is 63380 + -527?
62e59
In base 10, what is 47220477 - 3?
47220474
In base 5, what is -13001022223 - -2?
-13001022221
In base 14, what is -aa - 17?
-c3
In base 14, what is -1437ab6 + 0?
-1437ab6
In base 4, what is 1322 + 21333000?
22000322
In base 11, what is 4918657 + -4?
4918653
In base 12, what is -18b9 - 38b2?
-55ab
In base 14, what is -8b15 - -586?
-856d
In base 16, what is -6e270 + -10?
-6e280
In base 6, what is -1021331241 - 210?
-1021331451
In base 15, what is -cb9 - -5db?
-6cd
In base 3, what is 1110002202110010 + 10?
1110002202110020
In base 10, what is -127 - 29967?
-30094
In base 5, what is -220131233022 + 0?
-220131233022
In base 8, what is 16374 - 2174?
14200
In base 14, what is b - -2a5d57b?
2a5d588
In base 8, what is 263553 + -6?
263545
In base 11, what is -99 - 187184?
-187272
In base 4, what is -222131310 + 30?
-222131220
In base 6, what is 1051552513 - 4?
1051552505
In base 16, what is 6e8 + -c7bb3?
-c74cb
In base 2, what is 100101110 + -111001100111?
-110100111001
In base 14, what is -7ba0 - -45?
-7b59
In base 11, what is -1833a40 + 3?
-1833a38
In base 12, what is 8 + 78a8a?
78a96
In base 5, what is 21014112 - 1000?
21013112
In base 5, what is 23210322013 - 1?
23210322012
In base 8, what is 5 - 104377163?
-104377156
In base 4, what is -132 - -2112033112?
2112032320
In base 16, what is -2b8f66 + -a?
-2b8f70
In base 11, what is -74138 - 3996?
-78023
In base 4, what is 11332201 - 10002?
11322133
In base 4, what is -13 - -22333222203?
22333222130
In base 3, what is -20 - 1112022000011102?
-1112022000011122
In base 7, what is 20643 + 114505?
135451
In base 11, what is -11a52036 + -7?
-11a52042
In base 6, what is -1344313 + 4204?
-1340105
In base 3, what is 210012022 - 11001020?
122011002
In base 16, what is 59a - 1aaf?
-1515
In base 3, what is -121201122001210 + 1010?
-121201122000200
In base 4, what is 311101121 - 100?
311101021
In base 15, what is 103d37 - -6?
103d3d
In base 9, what is 4543603 - -28?
4543632
In base 6, what is 4 + -1200500001?
-1200455553
In base 15, what is 874818 - 8?
874810
In base 12, what is 2b41 + 1b98?
4b19
In base 10, what is 69 + 49921?
49990
In base 14, what is -53caa6a - 4?
-53caa70
In base 14, what is 83b251 - 1d?
83b232
In base 7, what is 35 - -6543123?
6543161
In base 5, what is -3003441220 + 224?
-3003440441
In base 2, what is -100 - -11110111101010000110?
11110111101010000010
In base 6, what is 5423503 - -30?
5423533
In base 10, what is 0 - 1780079?
-1780079
In base 9, what is 1452630083 - -3?
1452630086
In base 11, what is -1086779 - 5?
-1086783
In base 10, what is 6 - -652498?
652504
In base 13, what is 51c3a2b - 6?
51c3a25
In base 10, what is 4988 - 7019?
-2031
In base 13, what is 3 + -5c15719?
-5c15716
In base 5, what is -440 - -20444?
20004
In base 11, what is -2 + -115275?
-115277
In base 13, what is -3082 - -1729b?
14219
In base 10, what is 2 - 454481?
-454479
In base 4, what is -11300022323 + -1013?
-11300030002
In base 12, what is -5167a223 - -2?
-5167a221
In base 7, what is -2431221165 + -3?
-2431221201
In base 12, what is 36b2 - 19b8?
18b6
In base 5, what is -42220120 + -1001?
-42221121
In base 13, what is 4 - 24b888c?
-24b8888
In base 3, what is -111220 - 22111?
-211101
In base 9, what is -2 + -115644612?
-115644614
In base 8, what is 22263 - 1263?
21000
In base 7, what is 40 + -6100640?
-6100600
In base 11, what is 1 - 78a808?
-78a807
In base 8, what is -4 + -27224066?
-27224072
In base 14, what is -196164 - -12?
-196152
In base 16, what is 374 - -13d1d?
14091
In base 13, what is 13a - 10cc?
-c92
In base 13, what is 124ba98a - 4?
124ba986
In base 12, what is 1306 + 14431?
15737
In base 8, what is 2154 + -353105?
-350731
In base 16, what is 1535e2 + 7d?
15365f
In base 9, what is -4 + -87087247?
-87087252
In base 3, what is -1022022 - -1012221201?
1011122102
In base 6, what is -102443 - 14501?
-121344
In base 4, what is 3002 + -233111312?
-233102310
In base 9, what is -71102 - 12?
-71114
In base 14, what is -1577c608 - 4?
-1577c60c
In base 7, what is -3463034353 - 3?
-3463034356
In base 4, what is -101132 + -112122303?
-112230101
In base 5, what is -1324223410 - 112?
-1324224022
In base 8, what is 353261513 + 3?
353261516
In base 8, what is 216715 - 371?
216324
In base 12, what is -6 - 545ba50?
-545ba56
In base 6, what is -543500104 + -1?
-543500105
In base 12, what is 3b98136 + -2?
3b98134
In base 3, what is -2122 + -1021020220?
-1021100112
In base 6, what is 1445 + 101400101?
101401550
In base 13, what is -184264cc - -1?
-184264cb
In base 11, what is 2300414 - 3?
2300411
In base 16, what is -398d02 - -1?
-398d01
In base 13, what is a6b020 + 10?
a6b030
In base 3, what is 2111000210010221 - 10?
2111000210010211
In base 4, what is -12 + 233001331133?
233001331121
In base 13, what is 4cc2aa + -207?
4cc0a3
In base 8, what is 5334 + -2363?
2751
In base 11, what is 3613893 + 4?
3613897
In base 2, what is -1110 - 1010011001001011011?
-1010011001001101001
In base 16, what is 151471 + 6?
151477
In base 5, what is -2032 - -222210000?
222202413
In base 10, what is 8475 - -5271?
13746
In base 6, what is 110505510 + -43?
110505423
In base 3, what is 10021202222 - 110102?
10021022120
In base 3, what is 10122110212 - 222200?
10121111012
In base 9, what is -67 - -474423?
474345
In base 5, what is 2 - -1404331141?
1404331143
In base 16, what is 29 - -1904?
192d
In base 14, what is a22 + 4b01?
5723
In base 3, what is -10 - -12220000221101?
12220000221021
In base 5, what is -2222023 + -34424?
-2312002
In base 15, what is -2e - 26e05?
-26e34
In base 12, what is 18b - -a2216?
a23a5
In base 4, what is -3 - 2002212233101?
-2002212233110
In base 2, what is -110111110000110 + -10101001010?
-111010011010000
In base 7, what is -401 + 50104062?
50103361
In base 12, what is 182a - 303a?
-1410
In base 4, what is 2023230030 - 30?
2023230000
In base 7, what is -53254 - -3162?
-50062
In base 10, what is -33719321 + 4?
-33719317
In base 7, what is 1031055 - -52?
1031140
In base 10, what is -326 + -17188?
-17514
In base 4, what is -100 - -232212312312?
232212312212
In base 4, what is 102233330 - -200303?
103100233
In base 13, what is 119b5 - -10c4?
12aa9
In base 2, what is -101111000010001000 + -11101?
-101111000010100101
In base 4, what is -323 - 3001333?
-3002322
In base 12, what is -9758b4 + -2?
-9758b6
In base 16, what is -1 - -447c03f?
447c03e
In base 9, what is -3608173 - -6?
-3608166
In base 7, what is 10 - 21600356?
-21600346
In base 9, what is -4502470 + -24?
-4502504
In base 11, what is a656 - 783?
9983
In base 12, what is 3278079 + 0?
3278079
In base 16, what is -6d0 + 88?
-648
In base 14, what is -8c1 + 1097?
5b6
In base 12, what is -5 + 1a2a9129?
1a2a9124
In base 16, what is -15977 + -41?
-159b8
In base 9, what is -1381883 - -2?
-1381881
In base 10, what is -3 - -709623?
709620
In base 3, what is 2010 + -121101221022?
-121101212012
In base 15, what is -20cd5c7 + 5?
-20cd5c2
In base 10, what is -299888 + 66?
-299822
In base 16, what is 1b1fde + -1?
1b1fdd
In base 4, what is -3 + 20123323332?
20123323323
In base 7, what is -26004224455 + -5?
-26004224463
In base 13, what is 692a6a + -21?
692a49
In base 16, what is 67701aaa + -5?
67701aa5
In base 2, what is -101 + 1001001111000101101001000?
1001001111000101101000011
In base 16, what is -21a62 - 1?
-21a63
In base 6, what is -4513402 + 1051?
-4512311
In base 7, what is 26 - 131332365?
-131332336
In base 8, what is -4435 + 267403?
262746
In base 3, what is -12 - 1001000102112220?
-1001000102120002
In base 7, what is -1134155102 - -3?
-1134155066
In base 3, what is -20121100 - -211221?
-12202102
In base 6, what is -413012543 - 3?
-413012550
In base 11, what is 161 + 11117a?
111330
In base 12, what is -13b165a - 13?
-13b1671
In base 12, what is 12182 + -173ba?
-5238
In base 8, what is 60 + 22164727?
2216500